-2*o, 0 = -c*b - 4*o + 53. List the prime factors of b.
19
Let m(o) be the third derivative of 2*o**4 + 41*o**3/6 - 30*o**2. Let s be m(-6). Let a = -98 - s. List the prime factors of a.
149
Let i be -2 + -1 + 4896 + 7. Suppose -i = -9*m - 16*m. List the prime factors of m.
2, 7
Let b(o) = o**3 + 15*o**2 + 20*o - 3. Suppose -2*d = -2*q - 24, -4*q - 47 = 7*d - 10*d. List the prime factors of b(q).
3, 29
Let c = 4618 - -4416. What are the prime factors of c?
2, 4517
Suppose -4*i + 5131 = 1463. Let z = 1531 - i. List the prime factors of z.
2, 307
Let z = 13838 - 10409. List the prime factors of z.
3, 127
Let w = 28 - 25. Suppose z = -0*z + 2*t + 60, 5*z - 326 = -w*t. What are the prime factors of z?
2
What are the prime factors of (-1)/((-2)/(-288))*1605/(-60)*3?
2, 3, 107
Suppose -3*k = -6*k + 93. Suppose 1 - k = -5*f. Suppose -i - 335 = -f*i + 5*a, -5*i - 4*a + 317 = 0. List the prime factors of i.
5, 13
Let z(l) = -l**3 - 13*l**2 + 18*l - 59. Let m be z(-16). Let k = 2 + m. List the prime factors of k.
3, 47
Let t(s) = -315*s + 37. Let d be t(-3). Let o = d + -670. List the prime factors of o.
2, 3, 13
Let x(z) = 69*z - 88. Let v be (-2)/(-6)*(2 - -1)*13. What are the prime factors of x(v)?
809
Suppose 4*p + 3*o = -p + 136108, 4*p = 3*o + 108908. List the prime factors of p.
2, 41, 83
Let s = 16 - 1. Let o(y) = -58*y + 21*y - 12 - 2*y**2 + 21*y + y**3 + s*y. List the prime factors of o(5).
2, 29
Suppose -27 = 17*f + 58. Let n(i) = -7*i**3 + 2*i**2 - 15*i - 55. List the prime factors of n(f).
3, 5, 7
Suppose -2*h - 75377 = -3*o, 2*o - 50250 = 147*h - 145*h. List the prime factors of o.
25127
Suppose -36*n = -40*n + 3336. Let i = n - 440. What are the prime factors of i?
2, 197
Let d = 5760 + -4391. List the prime factors of d.
37
Suppose 8*h = 5*h + 306. Let i = h - 104. Let n(m) = -15*m**3 + m**2 + 6*m + 11. List the prime factors of n(i).
3, 41
Let o = 21 - 27. Let s = -6 - o. Suppose 0 = u + 4*g + g - 50, s = 3*u - 3*g - 168. What are the prime factors of u?
5, 11
Suppose 5*h + 6*h + 3*h = 599606. What are the prime factors of h?
42829
Suppose -63*d = -68*d + 10. Suppose 7*x = d*s + 2*x + 20, -3*x = 4*s - 12. Suppose -4*u + 147 - 3 = s. List the prime factors of u.
2, 3
Let l(z) be the first derivative of z**3 - 13*z**2 + 123*z + 77. List the prime factors of l(10).
163
Let w(d) = d**2 - 10*d + 27. Suppose 2*t = 7*t - 25. Let x be w(t). Suppose -j = -3*r + 61, -x - 3 = -j. List the prime factors of r.
2, 11
Let x = -47 + -153. Let h = x - -259. List the prime factors of h.
59
Let w(t) = -74*t - 89. Let f be w(-3). Let y = f - 62. What are the prime factors of y?
71
Let a be 1 - 2/(-1) - 1. Suppose -p = -7*l + a*l, 4*l = 5*p. Suppose -145 = -w - l*w. List the prime factors of w.
5, 29
Let h(v) = -155*v**2 + v + 1. Let f be h(1). Let u = f - -299. What are the prime factors of u?
2, 73
Suppose -5*l + r + 23458 = -18674, -33714 = -4*l - 2*r. List the prime factors of l.
3, 53
Suppose 3*x - 2*n - 16617 - 22741 = 0, x - 13142 = -5*n. List the prime factors of x.
2, 3
Let z be (177 - 2) + 0 + 0. Let p(s) = 13*s**3 - s**2 - 3. Let f be p(2). Let n = z - f. List the prime factors of n.
2, 3, 13
Suppose 0 = 121*p - 107*p - 96222. What are the prime factors of p?
3, 29, 79
Let w = 152 - -84. Let r = w + 187. Let x = -198 + r. List the prime factors of x.
3, 5
Let d(n) = -4*n + 11. Let o be 245/77 - 4/22. Suppose -o*p = 3*m + 3, -31 = m - 4*p - 10. List the prime factors of d(m).
31
Let o = 4001 - 2319. Suppose 13*d - 15*d = -o. What are the prime factors of d?
29
Suppose -10 = -11*l + 9*l. Let c(n) = 223*n**3 - 4*n + 7*n**2 - 224*n**3 + n**2. What are the prime factors of c(l)?
5, 11
Let a be 4/(-6)*-549 - -3. Let j be 9/90*2 + (-28)/(-10). Suppose 0 = 3*i + 2*i - 3*g - a, 3*g = j*i - 225. List the prime factors of i.
2, 3
Suppose 6*n - 22*n + 5551832 = 283*n. List the prime factors of n.
2, 11, 211
Suppose -3*v = 3*q - 2283, -5*v + 2*q + 3765 = -3*q. Let s = -457 + v. List the prime factors of s.
2, 3, 5
Suppose 4*a + 5*r - 7 = 0, 4*a - 2*a - 3*r = 9. Suppose a*m = -55 + 601. Suppose -2*h - m = -2*n - 0*h, -3*h = -n + 87. List the prime factors of n.
3, 31
Let s = 32 - 29. Suppose 0*n = 4*o + 3*n, 3*n = s*o. Suppose a + 4*t + 30 - 116 = 0, 4*a - 2*t - 290 = o. What are the prime factors of a?
2, 37
Suppose 922284 = 3284*k - 3267*k. List the prime factors of k.
2, 3, 11, 137
Let g = 5 + 75. Let a = 73 - g. Let t(o) = -o**3 - 6*o**2 - 6*o + 5. List the prime factors of t(a).
2, 3
Let a = 3 + 3. Suppose 2*t - 390 = 5*i, 0*t + 4*t - 3*i - 808 = 0. Suppose t = a*p - 65. List the prime factors of p.
3, 5
Suppose -2*b + 25 = -3*g, 2*g = -3*g - 5*b - 75. List the prime factors of 2/g + (-19020)/(-66).
2, 3
Suppose 96*i = 90*i + 312. Suppose i*n = 38981 + 36263. List the prime factors of n.
1447
Let u = 22102 + -759. List the prime factors of u.
7, 3049
Suppose -4*x + 5424 + 946 = 2*a, -4*x + 6372 = 4*a. What are the prime factors of x?
2, 199
Suppose -5*b = -4*l - 2615, 784*b - 780*b - 2133 = -5*l. List the prime factors of b.
17, 31
Let b = 41861 - 12141. List the prime factors of b.
2, 5, 743
Suppose -3*d - q + 28557 = 0, -19038 = -2*d + 4*q - 3*q. What are the prime factors of d?
3, 19, 167
Suppose 0 = -12*r + 65 - 5. Suppose -865 = -5*x - r*b + 2060, -b - 581 = -x. List the prime factors of x.
11, 53
Let s = -4444 - -10662. What are the prime factors of s?
2, 3109
Let n(x) = -x**3 + 15*x**2 - 15*x + 12. Let i be n(14). Let k(l) = -48*l**3 - 7*l**2 - 5*l - 3. List the prime factors of k(i).
3, 11
Let r = -5893 - -14494. List the prime factors of r.
3, 47, 61
What are the prime factors of (6 + (-21684)/(-8))*2?
3, 1811
Suppose -7*g - 1729 = -0*g. Let t = g + 158. Let w = 29 - t. List the prime factors of w.
2, 59
Let j be -1778 + -5*(102/15 + -6). What are the prime factors of j/24*(-1 + -11)?
3, 11
List the prime factors of (-1)/(-9) - (-20240)/414.
7
Suppose -3*b + 5*j + 47 - 26 = 0, 2*b + 2*j = 30. Suppose -42 = b*f - 174. What are the prime factors of f?
11
Let h(i) = 11*i**2 - 27*i + 154. Let j be h(10). Suppose -982*z + j*z - 474 = 0. List the prime factors of z.
3, 79
What are the prime factors of 28/(-12) - ((-581420)/15 + -1)?
2, 3, 5, 17, 19
Let g = 35 - 33. Suppose 0*s + 2 = -2*s, g*s + 2 = -3*u. Suppose a - 27 - 35 = u. List the prime factors of a.
2, 31
Suppose 0 = 88*q + 77848 - 2210440. What are the prime factors of q?
2, 3, 7, 577
Suppose -3 + 4 = -d - 3*i, 3*i = 5*d - 49. Suppose 4*t + d*t - 4272 = 0. What are the prime factors of t?
2, 89
Let s = 24359 + -14916. List the prime factors of s.
7, 19, 71
Let i = -137 - 68. Let l = i - -297. What are the prime factors of l?
2, 23
Suppose -i - 77 + 79 = 0. Let y be (2/7)/(i/14). Suppose 3*o - 243 = -2*v, -2*v = y*o - o - 249. List the prime factors of v.
2, 3, 7
Suppose -25*m + 806964 + 226102 = -384734. List the prime factors of m.
2, 3, 17, 139
Let x = -1114 - -3120. List the prime factors of x.
2, 17, 59
Suppose -r + 11*x = 7*x - 3380, 10090 = 3*r - 2*x. What are the prime factors of r?
2, 3, 5, 7
Let h be (-2)/(-7) + 306880/196. Suppose 5*f - h = -2*a + 1374, 1176 = 2*f - 3*a. List the prime factors of f.
2, 3, 7
Let o(p) = -822*p**3 - 4*p**2 - 8*p - 4. What are the prime factors of o(-2)?
2, 31, 53
Let d = -1239 + 5735. List the prime factors of d.
2, 281
Suppose 3*a + 2*a = -5*n - 85, -4*a + n = 53. What are the prime factors of 2*((-4725)/a + -1)?
673
Suppose -141812 = -47*z + 91825. List the prime factors of z.
3, 1657
Let f(r) = -1528*r - 1096. What are the prime factors of f(-9)?
2, 7, 113
Let x be 1/3*(-1 + -2)*-15379. Suppose -8*h - x = -21*h. List the prime factors of h.
7, 13
Let t = -31 - -49. Let h = t + -24. List the prime factors of (-4 - 82/h) + 1/3.
2, 5
Suppose 12 = -5*f + 47. Suppose -4*r - 10*p = -f*p - 471, 4*p + 347 = 3*r. What are the prime factors of r?
3, 13
Suppose -178*z + 2392210 = -33*z. What are the prime factors of z?
2, 73, 113
Let i(p) = -4*p**2 + 4*p - 129. Let h = 20 + -17. Let q(y) = -y**2. Let s(v) = h*q(v) - i(v). What are the prime factors of s(0)?
3, 43
Let s = -513 + 257. Let p = 539 + s. List the prime factors of p.
283
Suppose -4*l + 4*r - 8 = 0, 2 = -5*l - 3*r + 8. Suppose -7*z = -35 - 287. Suppose l = -6*g + z - 10. List the prime factors of